e factors of 1 - (16/(-1) - 2).
19
Let b be 12/(3/((-6)/(-2))). Let p = 40 - 26. Suppose 4*h = -2*l + b, -3*h + l + p = -0*l. List the prime factors of h.
2
Suppose -2*y = y - 108. Suppose k - 4*k = -y. Let p = 4 + k. List the prime factors of p.
2
Let l(q) = -q**2 + q**2 - 3 + 5*q**3 + 4*q - q**2 - q**3. Let z be l(2). List the prime factors of 390/z - 4/(-22).
2, 3
Suppose 2*v - 33 = -v. Suppose 2*m = 11 + v. What are the prime factors of m?
11
Let m be (-1 + 1)*3/6. Suppose -12 = -4*o - m. Suppose -4*u = -3*t - o, 4*u = -4*t + 20 + 4. List the prime factors of u.
3
Let i(d) = d**2 - 6*d + 3. Let j be i(5). Let t be 0 + 28 - 4/j. Suppose z = -2*z + t. What are the prime factors of z?
2, 5
Let o = -87 + 133. List the prime factors of o.
2, 23
Suppose m - 182 = -5*h + 250, -3*h = -4*m - 273. What are the prime factors of h?
3, 29
Let m = -17 + 37. Suppose 5*g = m + 100. Suppose 0*c + g = 4*c + 5*d, 2*d = 5*c - 63. List the prime factors of c.
11
Let w(z) = z - 5. Let x be w(4). Suppose 0 = l - 8 + 5. What are the prime factors of x/l - (-35)/15?
2
Suppose o + 5*v = 15, v - 2 = -2*o - 2*v. Let t(q) = -q - 3. Let w be t(-4). Let m = w - o. List the prime factors of m.
2, 3
Let n be 2/(-2) + 2 - -2. Let r(y) = -y + 2. Let v be r(n). Let z(f) = -7*f. What are the prime factors of z(v)?
7
Let p = -140 + 242. List the prime factors of p.
2, 3, 17
Let d(m) = m**3 - 8*m**2 - 9*m + 2. Let z be d(9). Let h = -11 + z. List the prime factors of ((-6)/(-4))/(h/(-12)).
2
Let j be -2 - (1 - (6 - 3)). Suppose j = -3*u + 2*u + 11. What are the prime factors of u?
11
Let y = -2 - -2. Let w(n) = -5 - 4*n + 9 + 5*n. List the prime factors of w(y).
2
List the prime factors of (0 - -35)*(-60)/(-42).
2, 5
Suppose 0 = 9*b - 4*b - 20. Suppose -3*q - 5 = 2*o, -4*q - 3*o - b = -o. Let c(s) = 12*s**3 + 2*s**2 - 2*s + 1. What are the prime factors of c(q)?
13
Suppose 4*i - 3*n = -n + 12, 26 = 2*i + 4*n. Suppose -3*k - 2*w = 28 - 114, 5*w = -i*k + 150. List the prime factors of k.
2, 13
Suppose 0 = -2*s + n - 2*n + 24, 0 = -s + 2*n + 17. Let d = s - 7. List the prime factors of d.
2, 3
Suppose -2*x = 43 + 1. Let t = 38 + x. List the prime factors of t.
2
Suppose 0 = -5*u + 9 + 11. What are the prime factors of u?
2
Suppose 0 = -2*v - 3*v. Suppose v = -2*g + o + 2*o + 19, -4*o = -2*g + 24. Suppose -c = g, y - 5*c = 5*y - 10. List the prime factors of y.
5
Suppose i + 6*v - 18 = 7*v, -5*i + 70 = -v. What are the prime factors of i?
13
Suppose -4*g + 7*g = -k - 207, 5*k = 0. Let w = -41 - g. What are the prime factors of w?
2, 7
Let x = 11 + 7. Let a = 15 + x. Suppose 4*n = n + a. What are the prime factors of n?
11
Let z(h) = h**3 - 5*h**2 - 6*h - 3. Let m be z(6). Let f(b) = 2*b**2 - 2*b - 3. List the prime factors of f(m).
3, 7
Let v(u) = u - 3. Suppose -4*m - 16 = 0, 4*d + 2*m = -3*m + 20. What are the prime factors of v(d)?
7
Suppose 2*l + 88 = 6*l. List the prime factors of l.
2, 11
Let m be 2 + 1 - 2/2. Suppose -4*n + 6 = -m. Suppose 10 = y - n. What are the prime factors of y?
2, 3
Suppose 15 = 4*j - 3*r, 4*j + 3*r - 15 = -6. List the prime factors of j.
3
Let i be -2 - (4 + 4)/(-1). Suppose 5*n + i = 26, 5*p - 139 = -n. What are the prime factors of p?
3
Let t = -13 + 8. Let m(l) = -l - 1. Let u be m(t). Suppose u*q = -13 + 41. What are the prime factors of q?
7
Let d be (-16)/(-6) - (-20)/(-30). Suppose v - d*v = -13. List the prime factors of v.
13
Let y(s) = s**2 + s - 4. Suppose -24 = -2*b - 3*u, 3*u - 17 + 5 = 0. What are the prime factors of y(b)?
2, 19
Suppose 652 = 5*c - 108. Suppose -5*d = -d + c. Let u = -18 - d. What are the prime factors of u?
2, 5
Suppose 5*r = 127 - 12. Suppose 4*o - 89 = r. List the prime factors of o.
2, 7
Suppose -2*h = -5*f - 20, 4*f + 5*h = f + 19. Let l be ((-2 - -2)/f)/(-2). Let t = 2 + l. List the prime factors of t.
2
Suppose 3*x + 46 = 667. What are the prime factors of x?
3, 23
List the prime factors of ((-1)/(-3))/(2/306).
3, 17
Suppose 14*s = 513 + 439. What are the prime factors of s?
2, 17
Let g = -45 - -100. What are the prime factors of g?
5, 11
Suppose 15 = 9*n + 114. Suppose 6*y - 57 = 3*y. Let q = n + y. What are the prime factors of q?
2
Suppose -j - 56 = -2*r + 39, 5*r = j + 242. List the prime factors of r.
7
Let f(s) = 2*s**2 + 0 + 1 + 4*s**2. List the prime factors of f(-1).
7
Suppose -4*b + 0*u = 2*u - 564, -5*u - 578 = -4*b. List the prime factors of b.
2, 71
Let r(i) = 6*i - 3. Let d be r(2). List the prime factors of d/(-12) - (-27)/4.
2, 3
Suppose -u = 4*u + a - 75, -3*u + 63 = -3*a. Suppose 5*o = 7*o - u. What are the prime factors of o?
2
Suppose 2*s - 3*m + 3 = s, -8 = -2*s - m. Let g(c) = 2*c**2 - 6*c + 5. Let v(y) = 2*y**2 - 7*y + 6. Let d(r) = 6*g(r) - 5*v(r). List the prime factors of d(s).
3, 5
Let v = -7 - -13. What are the prime factors of (-105)/v*(-24)/20?
3, 7
Let q be ((-3)/2)/(1/(-2)). Suppose -q = -2*h + 3. Suppose 3*v - 21 = -h*s, 6*s + 10 = 4*s. What are the prime factors of v?
2, 3
Let w(q) = 8*q + 9*q + 9*q. Let a be w(2). Suppose r = -3*x + 5*r + 46, -4*r = 4*x - a. What are the prime factors of x?
2, 7
Suppose 0 = 3*b + 2 + 10. Let m(n) = -4*n**2 + 3*n**2 - 5*n + 4 + n. List the prime factors of m(b).
2
Let g = -13 - -19. Let i(l) = 2*l + 3. What are the prime factors of i(g)?
3, 5
Let j be (-264)/18 - 2/(-3). Let f = 26 + j. What are the prime factors of f?
2, 3
Let h(v) = v**2 + 2*v + 1. Let b be h(-3). Suppose 4 + b = -4*c + 4*t, 4*c - t - 4 = 0. List the prime factors of c.
2
Let y(n) = 8*n + 17. List the prime factors of y(11).
3, 5, 7
Let x = -92 - -157. What are the prime factors of x?
5, 13
Let v(o) = o**2 + 6*o - 6. Let j be v(-6). Let q = 1 - j. Suppose i - 2 - q = 0. What are the prime factors of i?
3
Let b = -79 + 112. List the prime factors of b.
3, 11
Let z = -30 + 227. What are the prime factors of z?
197
Let i(b) = -b - 5. List the prime factors of i(-9).
2
Suppose 3*v = 2*n + 5 - 14, n - 5*v = 8. Suppose -3*z + 4*i = -47, -n*z + 4*z - 4 = -i. List the prime factors of z.
3
Let i(w) = 2*w - 4. What are the prime factors of i(10)?
2
Let s be 104 - (-1)/(1/(-2)). Suppose -4*p - 2*g - 75 = g, 5*p + s = -g. What are the prime factors of (4/(-6))/(1/p)?
2, 7
Let v = -15 + 17. Suppose -3*f + 6 = -v*f. List the prime factors of f.
2, 3
Suppose i - 9 = 24. Let o = 48 - i. List the prime factors of o.
3, 5
Let s(x) = -x - 5. Let r be (-38)/6 + (-6)/9. Let h be s(r). Suppose h*l - l + 4*y + 3 = 0, -2*y = 8. List the prime factors of l.
13
Let a = 14 + -12. List the prime factors of (18/6)/(3 - a).
3
List the prime factors of 103/3 - 30/(-45).
5, 7
Let w(z) = z**2 + 4*z - 7. Let x be w(-8). Suppose 3*j - 15 + 0 = -4*c, -5*c = 5*j - x. What are the prime factors of j?
5
Suppose 0*a - 2*a = 4*l - 12, a - 21 = -5*l. Suppose l = 5*u - 5. What are the prime factors of u?
2
Let a(v) = -v**2 - 2*v - 1. Suppose -5*y - 16 = -y. Let j be a(y). Let n = j - -17. What are the prime factors of n?
2
Suppose 2*w = -5 - 9. Let p(j) = -2*j - 7. Let l be p(w). Suppose l*i = 2*i + 30. List the prime factors of i.
2, 3
Let q be 1/3 - 4/(-6). Suppose 7*w = 4*w + 12. Suppose o = w - q. List the prime factors of o.
3
Suppose 13 = 2*x - b, 2*x + 3*x = b + 28. Suppose -4*t + x*a + 81 = -2*t, -3*t - a + 130 = 0. Suppose 3 = -2*u + t. List the prime factors of u.
2, 5
Let u be (-1)/2 - 4/(-8). Suppose u = a + 2*a. Suppose a = -5*i + 23 + 22. What are the prime factors of i?
3
Suppose -3*x = -2*b - 341, 3*x - 4*b = b + 335. List the prime factors of x.
5, 23
Let b = -21 + 40. List the prime factors of b.
19
Let d = 11 - 7. Suppose -5*i = -0*i - d*j - 121, -4*j = -2*i + 46. List the prime factors of i.
5
Suppose 0 = -5*b - 6 - 9. Let y be 44/6 + 2/(-6). Let s = b + y. What are the prime factors of s?
2
Let c(k) = -4*k**3 - 4*k**2 + 4. Suppose 5*z + 5*o - 8 = 2, 2*z = 3*o - 16. What are the prime factors of c(z)?
2, 5
Let w be (-4)/(-5)*(-50)/4. Suppose -5*j = 2*t + 41, 4*t - t + 2 = j. Let y = j - w. What are the prime factors of y?
3
Let d = 3 - 1. What are the prime factors of (-3 - -9*d) + 2?
17
Let n = -45 - -58. What are the prime factors of n?
13
What are the prime factors of ((-6)/(-5) + 0)*320/12?
2
What are the prime factors of 4/4 - (-55 + 2)?
2, 3
List the prime factors of (-4 - (-132)/5)*(5 - 